et p be (-68)/x - (-2)/(-8). Suppose -p = z - 8. List the prime factors of z.
2
List the prime factors of 114378/27 + 8 + (-2)/9.
2, 1061
Suppose 0*p + 4*p = 2*l + 30, 19 = 2*p + 3*l. Suppose g = -p*g + 1557. List the prime factors of g.
173
Let c(v) = v**3 + 23*v**2 + v + 6. List the prime factors of c(-22).
2, 3, 13
Suppose 3*g = -5*v + 12281, 2*v = -309*g + 305*g + 4918. List the prime factors of v.
5, 491
Suppose -239*a - 813 = -242*a. What are the prime factors of a?
271
Suppose 3*v - 2*v - 8 = 0. Let i(w) = -w**2 + 10*w - 11. Let h be i(v). Suppose -2*x + 3*x - h = 0. List the prime factors of x.
5
Let r be 6/15 - (-16)/10. Suppose r + 6 = -4*h. What are the prime factors of (37/(-2))/1*h?
37
Suppose 0*i = 3*i + 3. Let z be (i - -5) + 2 + -1. Suppose -z*x = -2*x - 33. List the prime factors of x.
11
Let m = 228 + 570. Suppose -4*r = -10*r + m. List the prime factors of r.
7, 19
Let i(f) = f**2 - 2*f. Let p be i(3). Suppose 284 = p*a - 43. List the prime factors of a.
109
Let d = 373 - 305. What are the prime factors of d?
2, 17
Let d(t) be the second derivative of t**5/20 - t**4 - t**3/6 - 2*t**2 + t. Let o be d(12). List the prime factors of o/(-8) + 1 + 0.
3
Suppose c + 0 = 33. Let b be 6/4 - c/(-22). Suppose -b*t - 3*j + 6*j + 54 = 0, -3*t = -j - 48. What are the prime factors of t?
3, 5
List the prime factors of 3*352/36*(-54)/(-8).
2, 3, 11
Let l be 4/(-18) + 116/36. Suppose -l*i + 17 = 8. Suppose -4*t - 5*v = -i*t - 51, 0 = -2*t + v + 124. What are the prime factors of t?
61
Let n(b) = b**2 - 7*b + 5. Let l be n(7). Let u be -3 + l + (3 - -101). Suppose 4*h - 75 = -5*d + u, 0 = -h + 3*d + 24. List the prime factors of h.
3, 13
Let z = 12 - 13. Let c be z + 3 - (16 - -4). What are the prime factors of 60/c*144/(-10)?
2, 3
Let f(x) = x**2 - 4*x - 12. Let c(w) = 5*w + 3. Let j be c(-2). List the prime factors of f(j).
5, 13
Let p(g) = 14*g**2 - 18*g + 2. Let b(j) = -8*j**2 + 10*j - 1. Let q(d) = 5*b(d) + 3*p(d). Let s be (-3 - -2 - -1) + 3. What are the prime factors of q(s)?
7
Suppose 0 = -u + 4*c + 1015, 3*u = 4*c + 44 + 2961. List the prime factors of u.
5, 199
Let r = 27 + 123. Let w = r - 82. Suppose -16 = 4*h - w. List the prime factors of h.
13
Let b(f) = 3*f**3 - 9*f**2 - 4*f - 9. Let v(h) = 2*h**3 - 9*h**2 - 5*h - 9. Let y(s) = -4*b(s) + 5*v(s). List the prime factors of y(-6).
3, 17
Suppose 151 = -3*p + 4447. List the prime factors of p.
2, 179
Let h(j) = -228*j + 216. List the prime factors of h(-6).
2, 3, 11
Suppose 4*d - 9*d = -2480. Suppose -8*s + 3*s - n + 650 = 0, -4*n - d = -4*s. List the prime factors of s.
3, 43
Let g be -267 - -1 - (-13 - -15). What are the prime factors of 0 + -1 - g/4?
2, 3, 11
Let q be 14/4 - 3/6. Suppose 6*v = q*v + 186. Suppose -38 = -0*w - 3*w + 2*x, -4*x = -5*w + v. List the prime factors of w.
2, 7
Suppose 12 = 2*a + 2*a. Suppose 4*z + 4*s + 100 = 9*z, 0 = -z - a*s + 1. List the prime factors of z.
2
Let m(r) = 207*r - 106. What are the prime factors of m(4)?
2, 19
Let h(y) = -11*y + y**3 + y**2 + 8*y**2 + 2*y**2 + 1 + 10. Let t be h(-12). List the prime factors of 16 + (0 + 1)/t.
3, 5
Suppose 13*p - 12 = 10*p. Suppose -p*q + 1052 = -5*b, 1112 = 4*q + b + 60. What are the prime factors of q?
263
Suppose -5*f = -2*f + 558. Let d = f - -265. List the prime factors of d.
79
Suppose -3*l = 2*l - 2020. List the prime factors of l.
2, 101
Suppose -52*w + 13280 = -44*w. List the prime factors of w.
2, 5, 83
Suppose 0 = -5*a + 80 + 3135. List the prime factors of a.
643
Let k be ((-6)/(-7))/((-3)/(-252)). Let d = k + -51. What are the prime factors of d?
3, 7
Let a(n) = -n**2 - 6*n - 4. Let m be a(-5). What are the prime factors of m/(132/(-68) + 2)?
17
Let f(x) = 32*x - 4. Let q be f(6). Suppose 3*g + q = -5*d, 3*g - 124 = 3*d + 2*g. Let z = -22 - d. What are the prime factors of z?
2, 3
Suppose 14 = -5*q - r, 0*q + 3*q + 11 = 2*r. Let y be (-3)/(1/(1 + -2)). What are the prime factors of q - (-48)/y - -1?
2, 7
Let b be (-10)/(-45) + (-950)/(-18). Suppose 8*g = 3*g + 15. Suppose t = g*w - b, -4*t + 0 - 3 = -w. List the prime factors of w.
19
Let k = 6 - 40. Let c = k - -54. What are the prime factors of c?
2, 5
Suppose -1 = -v - w, 0 = -3*w + 7*w + 4. Suppose v = 2*m - 0*m, m + 3 = 2*h. List the prime factors of h.
2
Suppose -11*c + 10770 = -c. What are the prime factors of c?
3, 359
Suppose 7 = 4*a + 3, 2*x - 3*a - 177 = 0. List the prime factors of 2*x*(-2 - 7/(-2)).
2, 3, 5
Let a(p) = 2*p**3 + 9*p**2 - 21*p + 2. List the prime factors of a(7).
2, 491
Let o(c) = 5*c**3 - 6*c**2 + 10*c. Let x be o(5). Suppose -4*g - g = -x. What are the prime factors of g?
3, 5, 7
Let s(n) = -1149*n**3 - 3*n - 3. What are the prime factors of s(-1)?
3, 383
Let l(x) = -5*x**3 - 6*x**2 + 5*x - 1. What are the prime factors of l(-4)?
7, 29
Let n be (-5)/(-2)*8/1. Suppose 5*z - 2*w = 31, -5*w = 5*z - 2*w - 16. Suppose z*l - 95 = -n. List the prime factors of l.
3, 5
Suppose 238 = -t + 3*t. Suppose -5*a + t = -216. What are the prime factors of a?
67
Suppose -3284 = -2*k - p, -k + 5*p = 3*k - 6540. What are the prime factors of k?
2, 5, 41
Let c(j) = 2*j**3 + 7*j**2 - 4 - j**3 + 0*j**3 + 2*j. Let i(n) = n**3 + 6*n**2 - 8*n - 13. Let t be i(-7). List the prime factors of c(t).
2, 5
Let z be (-1)/2 - 10/(-4). Suppose 5*l + 0*h - 176 = -4*h, 2*h + 74 = z*l. What are the prime factors of l?
2, 3
Suppose 0 = 3*o + 2*l - 6, -o + 4*l = -l - 2. Let g be ((-360)/75)/((-2)/20). Suppose g = 3*n + 4*t, o*t = 2*n + 3*t - 32. What are the prime factors of n?
2
Suppose 4*s = 0, 3*s = -l - s. Suppose 11*f - 13*f + 192 = l. What are the prime factors of f?
2, 3
Suppose 20*c + 4146 = 26*c. List the prime factors of c.
691
Let i be ((-10)/20)/((-2)/36). Suppose b + i = 4*b. Suppose 0 = b*j - 6, -2*z + 18 = -2*j - 26. List the prime factors of z.
2, 3
Let p = -1 + 11. Let v(j) be the second derivative of j**3/6 + 19*j**2/2 - 4*j + 2. What are the prime factors of v(p)?
29
Suppose 5*i - 5*g - 10 = 0, -5*g + 4 = -2*i - i. Let c(j) = -j + 9. Let o be c(i). What are the prime factors of o/9 - 275/(-99)?
3
Let u be (-6)/(-4)*6*(16 - 17). Let t(g) = -1 + 5*g + 2 - 10*g. List the prime factors of t(u).
2, 23
Let q be (-219)/9 - (-2)/6. Let n be (-48)/(-36)*(15/(-2) + 3). List the prime factors of q/5*40/n.
2
Let j = 172 + 678. What are the prime factors of j?
2, 5, 17
List the prime factors of (4855/35)/((-2)/(-14)).
971
Suppose i - d = -2*d + 77, -4*i + 313 = 5*d. List the prime factors of i.
2, 3
Let a(t) = 7*t - 33. Let i be a(6). Suppose i*w - 4*w - 285 = 0. List the prime factors of w.
3, 19
Suppose 2*t = 37 + 43. Suppose 11*x = 7*x + t. List the prime factors of x.
2, 5
Suppose 4*t + 5*c = 7*c + 164, 0 = -5*t - 3*c + 194. List the prime factors of t.
2, 5
Suppose -4*i + 12 = 4. Suppose 4*c - i = 10. List the prime factors of (4 - c) + 2 - -56.
59
Let f be -2 + -92 + 1 + -1. Let o = -131 - -68. Let g = o - f. What are the prime factors of g?
31
Suppose 3*o - 96 = o. Suppose -13 + o = 5*i. List the prime factors of 1/(-4 + 5) + i.
2
Let p(y) = 110*y**2 + 8*y - 44. What are the prime factors of p(4)?
2, 19, 23
Suppose l - o = 0, 16 = -0*o + 4*o. Suppose l*t + 5*k = 124, -2*k = -2*t + 2*k + 88. List the prime factors of t.
2, 3
Let p(v) = 4*v**3 - 3*v + 2. Let r be p(1). What are the prime factors of 57 + -2 + r/3?
2, 7
What are the prime factors of (-592388)/(-828) + 44/(-18) + 2?
5, 11, 13
Let c = -514 + 1607. What are the prime factors of c?
1093
Let q = -10 - -15. Let u = -1 - q. List the prime factors of (2 + 8/u)*3.
2
Suppose 8*u - 2902 = 2690. What are the prime factors of u?
3, 233
Let b = -27 - -56. Let r = b + -18. What are the prime factors of r?
11
Let x(v) = -v**2 + 4*v + 2. Let m be x(3). Suppose 56 = 2*h + m*t, 4*h - 3*t = -0*t + 164. List the prime factors of h.
2, 19
Suppose -11*a + 3238 = -8202. What are the prime factors of a?
2, 5, 13
Suppose -4*l + 56 = 4*z, -4*l = -z - 0*l + 19. What are the prime factors of -5*(-1)/z*63?
3, 7
Let k be (1 - -108)/((-7)/(-14)). Suppose 5*l - 3*o - 147 = 2*l, -4*o = 5*l - k. Suppose -44 = -3*m + l. List the prime factors of m.
2, 3, 5
Suppose 0 = n - 91 + 42. List the prime factors of n.
7
Suppose 0 = -f + 74 + 359. What are the prime factors of f?
433
Let g(w) = 5*w - 3. Let a(s) = -